-2*b + a = 4*a + 3, 14 = -b - 4*a. Let d(p) = -6*p + 16*p - 27 + 32*p + b*p. Let f(w) = -4*d(w) + 27*s(w). Determine f(2).
-6
Suppose 4*t + 0*g + 3*g + 6 = 0, -4 = 2*g. Let s(c) = c**3 + c + 1. Let h(n) = -3*n**3 - 5*n - 12. Let j(b) = h(b) + 4*s(b). What is j(t)?
-8
Let x(q) = -12 + 5*q**3 - 6*q**3 - 6*q**2 - 3 + 6*q + 6. Determine x(-7).
-2
Suppose 17*u - 18 = 50. Let c(v) = -v**2 + v + 5. Give c(u).
-7
Let j(t) = -3 - 2 - t - 1. Suppose -5*q = -2*q - 6, -q + 2 = -4*r. Suppose 8*z - 3*z = r. What is j(z)?
-6
Suppose -5*w - 28 = 2*s + 46, 2*w - 4*s = -44. Let g(d) = -2*d - 11. What is g(w)?
21
Let x(r) = 6*r**2 - r + 4. Let z(j) = -j**3 - 6*j**2 - 6*j. Let q be z(-5). Let v(i) = -1. Let n(a) = q*v(a) + x(a). Calculate n(-1).
6
Suppose 6*d = 16*d - 70. Let q(c) = c**3 - 8*c**2 + 7*c - 4. Give q(d).
-4
Let y(o) = -3*o**2 + 1. Suppose -5*t + 3*l = 2, 8*t - 4*t = 2*l. Suppose 2 = t*n - 4. Suppose -6*s = -11*s - 2*p + 1, n = p. Determine y(s).
-2
Let z(x) = -7 + 0*x + 19 - 15 - 2*x. Suppose -23*y - 91 = -36*y. Calculate z(y).
-17
Let h be -2 + 60/(-100)*(-10)/3. Let s(j) be the first derivative of -j**2/2 - j + 1. Give s(h).
-1
Let z(k) = 9*k - 1. Suppose -3*j + 27 = -i, 2*i + 46 = -0*i + 4*j. Suppose -2*u - 3*r = -44, -u = 2*r - 4*r - 8. Let w = u + i. What is z(w)?
8
Let y(v) = -v**2 - 18*v - 14. Let u be y(-17). Let j(w) be the third derivative of w**4/6 - w**3/6 + 2*w**2. What is j(u)?
11
Suppose c - l - 1 = 0, 5*l - 2 + 7 = -c. Let a(r) be the third derivative of c*r + 0 - 1/24*r**4 - 2*r**2 + 2/3*r**3. Give a(7).
-3
Let v(m) = 8*m + 1. Suppose -4*p - 3 = -5*p. Suppose 0*f = -5*f. Suppose -g + 2 - p = f. What is v(g)?
-7
Let r(a) = 4*a - 8. Let m(z) = 8*z - 15. Let p(l) = -6*m(l) + 11*r(l). Calculate p(1).
-2
Suppose -3 = -2*l - 4*c + 1, -2*c = -5*l - 2. Suppose 5*w - 4*z = 55, l*w + w = 2*z + 17. Let o(m) = m**3 - 7*m**2 + 2. What is o(w)?
2
Let p(u) be the first derivative of -u**4/12 - u**3 - 18*u + 21. Let i(f) be the first derivative of p(f). Calculate i(-6).
0
Suppose 3*d + 4*l - 16 = -d, -40 = -5*d - l. Let g(n) be the first derivative of -n**3/3 + 9*n**2/2 + 17. Determine g(d).
0
Suppose 0 = 3*h + 1 + 5, -2 = 2*g + 2*h. Let m(r) = -4*r**2 - 4*r + 2. Let k(a) = -a**2 + 1. Let z(b) = g*m(b) - 3*k(b). Determine z(-4).
-1
Let w = -114 + 115. Let k(f) = -25*f**3 + f**2. Determine k(w).
-24
Let i = -3 + 1. Let p = i + 2. Let b(n) = 2*n**2 + 11*n**3 + 2 - 3*n**2 - 12*n**3. Give b(p).
2
Let j(v) = 2*v**2 + 8*v - 7. Let w be j(0). Let z(s) = s**2 + 6*s - 2. Determine z(w).
5
Let a(p) = 2*p - 1. Let m(q) = 13*q - 11. Let h(o) = 14*a(o) - 2*m(o). Suppose -6*g = -5*g + 7. Calculate h(g).
-6
Suppose 4*u = 4*d, -5*d + 0*d - 8 = -3*u. Let p(i) be the third derivative of 0 + 0*i - 8*i**2 - 1/12*i**4 + 1/6*i**3. Determine p(d).
9
Let s(h) = h**3 + 14*h**2 + 12*h - 19. Let k(f) = f**3 - 5*f**2. Let t be k(5). Suppose 3*x - 6 + 45 = t. Let i be s(x). Let r(j) = j + 5. Give r(i).
-1
Let b(y) be the second derivative of y**2 + 4*y + 1/12*y**4 + 0 + 1/2*y**3. Calculate b(-2).
0
Let a(d) = 18 - d + 28 - 84 + 28. What is a(-6)?
-4
Let j(x) = -x**3 - 2*x - 3. Let i = 975 + -972. Calculate j(i).
-36
Suppose g - 2 = 1. Let t(c) = 950 + 971 + 2*c**2 - 1923 - 2*c. Calculate t(g).
10
Let k(f) be the first derivative of -3*f**4/4 + f**3/3 - f + 1. Let h = -3663 - -3662. Give k(h).
3
Let k(y) = -4 + 5*y**2 + 274*y**3 + 0*y**2 + 0*y**2 + 8*y - 275*y**3. What is k(5)?
36
Let w(v) = 4*v**3 + 0*v**2 - 2886*v + 2885*v + 0*v**2 + 3*v**3 - 3*v**2. Give w(-1).
-9
Let i(r) = -4*r**3 - 3 + 212*r**2 + 3*r**3 - 3*r - 215*r**2. Suppose -3*a = 2*a - 5. Let o be 1 + 3*-1*a. Calculate i(o).
-1
Let b(v) = -6*v**3 - 2*v**2 + 12*v - 4. Let a(l) = l**3 - 2*l**2 + 1. Let z(x) = 5*a(x) + b(x). What is z(-13)?
14
Let l be 3*(-1 + (-12)/(-9)). Suppose 2*o + 3 = l. Let s(q) = -1 + 8*q**2 - q**2 - q + q**2. Give s(o).
8
Suppose 3*r = b - 2, 3*r = 6*b - 4*b - 4. Let s(t) = -11*t + 3. Give s(b).
-19
Let n(c) = 0 + 23*c + 2 - 15*c - 4. Give n(1).
6
Let b = 60 - 55. Suppose 5*w = 2*q + 25, 4*q + b*w + 3 + 2 = 0. Let p(u) = 2*u + 4. Determine p(q).
-6
Let a be 36/(-3 + -3) + -1. Let k(c) = -c**3 - 9*c**2 - 14*c - 15. Calculate k(a).
-15
Let m(u) = -u**2 - 2*u + 2. Suppose 2*z = -3*f - 2, -2*z + f = -5*z + 4. Determine m(z).
-6
Let w(r) = r**2 + 6*r - 1. Let d(c) = c**3 - 6*c**2 + 21. Let b be d(3). What is w(b)?
-1
Let p(g) = 1 + 6*g - 11*g - 5*g + 9*g. Give p(7).
-6
Let l = 1936 - 1940. Let b(v) = 2*v**2 + 11*v + 2. What is b(l)?
-10
Suppose -s = d - 2*d + 3, 33 = 4*s + 5*d. Suppose -7*n = -s*n - 5. Let q(i) = 2*i**2 - 5*i + n + i + 0*i**2 + i**3. Determine q(-3).
4
Suppose 0 = -6*u + 5*u + 2. Suppose 4*z - 2*w = -2, 0 = -z - u*w - 2*w + 22. Let f(m) = m - 2. Calculate f(z).
0
Suppose -7*f - n + 13 = -4*f, 3 = 3*n. Let t(i) be the first derivative of 2 - 1/3*i**3 + 1/2*i**2 + 7/4*i**f - i. Determine t(1).
6
Let g(n) = n - 5*n - 16*n - 321 + 324. What is g(2)?
-37
Let d(v) = -3*v**3 + 10*v**2 - 6*v + 11. Let b(p) = -5*p**3 + 15*p**2 - 9*p + 17. Let q = 14 - 9. Let m(c) = q*b(c) - 8*d(c). Determine m(-5).
-18
Let f(y) = -y**2 + y - 1. Let c(z) = 3*z**2 - 11*z + 4. Let l(v) = -c(v) - 2*f(v). Determine l(8).
6
Let u(m) = -m**2 + 12*m + 5. Suppose -34*x + 65 = -29*x. Calculate u(x).
-8
Suppose -3*j - o - 5 = 0, -3*j = -3*o + 7*o + 20. Let s(c) be the first derivative of 53*c**2 - c - 54*c**2 - 7 + 1 + j. What is s(2)?
-5
Suppose 0 = 4*k - 0*k + 12. Let r(n) = -n**3 + 6*n**2 - 5*n + 4. Let i(c) = -2*c**3 + 7*c**2 - 6*c + 4. Let o(h) = k*r(h) + 2*i(h). Calculate o(-4).
-16
Let a(d) = -2*d + 2. Suppose 0 = -3*y + 5*j + 68, 2*y + 0*j + 5*j = 37. Suppose 14 = 5*t - y. What is a(t)?
-12
Suppose -136 + 20 = -29*q. Let o(s) = 12*s - 5. Give o(q).
43
Let w(i) be the third derivative of -i**6/720 - i**5/24 + i**4/4 + 5*i**2. Let m(h) be the second derivative of w(h). Let g = 5 + -1. Give m(g).
-9
Let f(n) be the second derivative of 0 - 1/180*n**6 + 0*n**2 + 1/2*n**3 + 8*n - 1/40*n**5 + 1/24*n**4. Let h(b) be the second derivative of f(b). Give h(-3).
-8
Suppose -c - 4*c = 0. Suppose 6*q - 2*q + 4*u - 12 = 0, u = 5*q - 27. Let i(n) = -6 - 3 - q + n. Calculate i(c).
-14
Let u(h) = -h - 1. Let m be ((-15)/(-21))/((-5)/(-35)). Let p be (0/3)/(10/m). Calculate u(p).
-1
Let u(n) = -n**2 + 8*n - 1. Let q(g) = -12*g - 8. Let t be q(3). Let p = -38 - t. Give u(p).
11
Let v(y) = y + 10. Let p be (9 - 0)*(-5)/(-15). Suppose -4*i + 3 + 5 = p*b, 5*i - 10 = -3*b. Give v(b).
10
Let q(o) be the first derivative of 0*o + 2/3*o**3 - o**2 - 2. Let j = -21 + 19. Calculate q(j).
12
Let p(s) = -2*s**3 - 16*s**2 - s - 3. Let t(q) = -47*q - 196. Let a be t(-4). What is p(a)?
5
Suppose 2 - 6 = -4*h. Let b(y) = -h + y + 0*y + 3. Calculate b(-5).
-3
Let s be (-14 - -14)/(-1 + -1). Suppose -i + 4*v = -36, 2*i = -s*i - 4*v + 12. Let d(h) = -19 + h + 4*h + i - h**2. Calculate d(3).
3
Let f(a) = 2*a**2 + 3*a - 2. Let r(n) = -n**2 + 2*n - 3. Let b(h) = -3*f(h) + 3*r(h). What is b(2)?
-45
Let c(i) = i + 3. Suppose -2*h = -3*p + 1, 0 = -4*h + 4*p + 4. Suppose n + 2*r = 5*n + 18, -5*r = h*n + 53. Determine c(n).
-4
Let h(g) = 8*g**2 - g. Let m = 14 + -18. Let j be 126/28*m/(-3). Suppose -5 = j*y - y. What is h(y)?
9
Let f(l) = l**3 + 6*l**2 - 13*l - 16. Suppose 5*j + 17*c = 14*c - 26, 0 = 4*j + 4*c + 16. What is f(j)?
26
Let x = -10 - -10. Suppose -4 + x = -o. Let f(p) = -p**3 - 3*p**2 + 9*p - 6. Let s(h) = -4*h**3 - 8*h**2 + 28*h - 18. Let v(a) = -7*f(a) + 2*s(a). What is v(o)?
-6
Let y(u) = -35*u + 67*u - 40*u + 3*u**2 - 12 - 2*u**2. What is y(10)?
8
Let s(n) = -n**2 - 6*n - 3. Suppose 3*a + 3 = -y, -1 - 2 = -2*a + y. Let l be (2 - a) + -2 + 5. Suppose -3*u = 1 + l. Determine s(u).
5
Let b = 162 - 167. Let o be (1 + -2)/(2/(-6)). Let n(u) = o*u + 3*u**2 + u**3 - 2*u + 2*u**2 - 1. What is n(b)?
-6
Let f(q) = -4 + 4*q - 4*q - 3*q + 2*q. What is f(6)?
-10
Let t(g) be the second derivative of -g**3/6 + 13*g**2/2 - g. Determine t(7).
6
Let k = -18 + 26. Let d = k + -8. Let f(l) = l**2 - l + 1. Give f(d).
1
Let a(m) = -49*m + 151. Let u be a(3). Let t(s) be the first derivative of 0*s**2 - 7/4*s**4 + 0*s + 0*s**3 + u. Give t(1).
-7
Let j(h) = 2 + 12*h + 1 - 2. Suppose 3*v - 1 - 12 = -4*p, 3*v + 2*p - 5 = 0. Give j(v).
-11
Let y(j) = j**2 - 9*